be 2/10 - 42/(-15). Suppose 2*y - y = 2, 14 = -4*j - k*y. What is l(j)?
-6
Let x(k) = -k - 1. Let f(j) = -j + 1. Let t(z) = -2*f(z) + x(z). Suppose -2*c + 7 = 15. Calculate t(c).
-7
Suppose 0 = 4*x - x + 3. Let v(j) be the second derivative of 0*j**2 + 1/12*j**4 + 1/6*j**3 + 4*j + 1/4*j**5 + 0. Determine v(x).
-5
Let g = 17 - 22. Let c(q) = -q**2 - 5*q. Give c(g).
0
Let y(c) = c**3 - 2*c - 2. Suppose 4*d = 5*g + 10, -5*d = -7*d. Calculate y(g).
-6
Let j(v) be the second derivative of -v**5/20 - v**4/2 + v**3/6 + v**2/2 + 10*v. Give j(-6).
-5
Let g(v) = v**2 - 8*v - 2. Suppose 2*s = 8, -2*y - 5*s - 15 = -7*y. Calculate g(y).
-9
Let t(g) = 2*g + 2. Suppose -i = 3*p + 9, 3*p + 2*i = -4 - 5. What is t(p)?
-4
Suppose 3*t = -2*j - 3, -4*t = -14 + 2. Let k(d) = -d**3 - 5*d**2 + 3*d - 8. Determine k(j).
10
Let u(k) be the second derivative of k**4/24 - 7*k**3/6 + k**2/2 - 2*k. Let a(m) be the first derivative of u(m). Calculate a(4).
-3
Let w(i) = 2 + 0*i + 1 - i. What is w(-4)?
7
Let c(z) = -10*z**2 + z**3 + 2*z**2 - 2*z**3 - 6*z - 6 - 4. What is c(-7)?
-17
Let d(v) = -114 + 109 - v - 2*v. Calculate d(5).
-20
Suppose 12*p - 15 - 57 = 0. Let r(b) = 4*b - 8 + 4*b - 4*b. What is r(p)?
16
Let p(s) = s**3 + 6*s**2 + 6*s + 1. Let x = 18 + -22. Determine p(x).
9
Let w(s) be the second derivative of s**3/3 + 2*s. Let r be w(4). Let y(k) = -k + 11. Let z be y(r). Let a(b) = -b**3 + 3*b**2 - b + 2. Give a(z).
-1
Suppose -6*m = -m + 25. Let g(h) = h - 3. Let p be g(5). Let u(w) = -w**3 + 5*w**p + 1 + w**3 + w**3. Determine u(m).
1
Let v(m) be the second derivative of m**3/6 - 4*m**2 + 2*m. Calculate v(-6).
-14
Let i be 5/2*(-8)/(-5). Let o(a) = 3*a**2 - a**2 - 5*a**2 - 7 + 4*a + i*a**2. Suppose -15 = 2*n - 5. Calculate o(n).
-2
Let i(p) = p**3 - 4*p**2 - 4*p + 2. Let u(n) = 5*n + 3. Let y(j) = -6*j - 4. Let s(f) = 5*u(f) + 4*y(f). Let q be s(6). Give i(q).
7
Suppose -6 = 3*i - 0. Let v(m) be the first derivative of m**2 + 2 + 1/3*m**3 + 0*m. Give v(i).
0
Suppose -9 = -i - 3*a, -4*i + a - 3*a = -16. Let v(n) = n**3 - 3*n**2 - 2*n + 4. Give v(i).
-2
Let z(h) = 16*h**2 + 0 - 3 - 17*h**2 + 4. Calculate z(1).
0
Let b(q) = q**2 - 4*q + 2. Let s be (-1 + 1)*(1 - 0). Let f = 9 - s. Let v be (-7)/(-14)*(f + -1). Determine b(v).
2
Let l(h) = 4*h**2 - 5*h**2 + h - 4 + 6. Suppose 2*c + 2*c = 20. Suppose -x = j + 2, -j - 6 = c*x + 3*j. Calculate l(x).
0
Let m(j) = 40*j - j**2 - 123*j + 38*j + 44*j. Give m(-3).
-6
Let v(n) = n**3 - 5*n**2 - n - 2. Let w be 13 + 3 + -3 + 2. Suppose -2*q + w = q. Give v(q).
-7
Let k = -69 - -66. Let r(i) = i**2 - 1 - 2*i**2 - 5*i - 2. What is r(k)?
3
Let h(i) = -i. Let n(d) = -5*d. Let m(c) = -6*h(c) + n(c). What is m(-7)?
-7
Let n = -2 - -4. Let h = 7 + -5. Suppose -o + q = h*o - 5, o = -n*q - 3. Let p(y) = -7*y**3 + y**2 + y - 1. Calculate p(o).
-6
Suppose -3*a - 7 = -1. Let j(s) = s**2 - 2*s. Calculate j(a).
8
Let s(m) be the second derivative of m**4/12 - 7*m**3/6 + 5*m**2/2 - m. Calculate s(4).
-7
Let q(g) = -4*g**3 + 5*g**2 - 2*g + 6. Let p(y) = -3*y**3 + 5*y**2 - 3*y + 5. Let l(b) = -3*p(b) + 2*q(b). What is l(4)?
1
Let q(p) = 3*p + 16. Let a(r) = 4*r + 24. Let t(i) = -5*a(i) + 7*q(i). Determine t(7).
-1
Let b(f) be the second derivative of 1/2*f**3 + 3*f + 0 - 1/8*f**4 + 0*f**2 - 1/60*f**5. Let x(d) be the second derivative of b(d). Give x(-2).
1
Let q be (-4)/14 + (-264)/(-42). Let h(a) = a**3 - 7*a**2 + 4*a + 6. Calculate h(q).
-6
Let f(v) = v + 1. Let k be f(5). Suppose 3*x - k = -0. Let o(g) = 2 - 2*g + 0*g**x + 8*g - g**2 - 1. Calculate o(5).
6
Let a(n) = -5*n**2 + 2*n + 1. Suppose -2*r - 60 = -6*r. Let l = -11 + r. Suppose t + l = 3*k, 0*t - 5*t - 3*k = 2. Determine a(t).
-6
Let y be (-3 - -1 - 1) + 2. Let m(s) be the third derivative of 7*s**4/24 + s**3/6 - 6*s**2. Give m(y).
-6
Let n(g) = -1 + 3*g - 3 + 8*g. Let l(k) = -5*k + 2. Let y(z) = 9*l(z) + 4*n(z). Determine y(6).
-4
Let h(g) = -g**3 - g**2 + 5. Let j be h(0). Let i(r) = j*r - 3*r + 0*r. Let k be ((-3)/(-2))/((-15)/20). Calculate i(k).
-4
Let k(a) = 6*a**2 + a - 5. Let i(p) = 0*p**2 + 7*p**2 + 0*p + p - 6. Let s(g) = 5*i(g) - 6*k(g). Let d be (-2)/(-5) - 17/5. What is s(d)?
-6
Let r be 4 - ((5 - 2) + -2). Let s(f) = -3 + 0 + r + 4 - 2*f. Calculate s(5).
-6
Suppose 0 = -53*c + 50*c. Let u(j) = j**3 + 1. Determine u(c).
1
Let b(g) = -10*g**2 - 4 - g**2 + g**3 + 3*g + 6*g**2 + g**3. Give b(3).
14
Let j(p) = p - 4. Let i(w) = -w**3 - 4*w**2 + 4*w - 3. Let z be i(-5). Let s be 3/(-1)*(z + -3). What is j(s)?
-1
Let s(j) = j**2 - 4*j**2 - 6*j + 5*j**2 + 1 - 3*j**2. Determine s(-6).
1
Let t(c) = -4 + 3 + 97*c**2 + 2*c - 113*c**2. What is t(1)?
-15
Let a be ((-2)/(-4))/((-2)/(-4)). Let v(x) = -a - 2 + x**2 - 3*x - 1 + 0*x**2. Suppose 2*z - 7*z + 32 = -3*q, 0 = -2*z - 5*q - 12. Calculate v(z).
0
Let g = 1 - 2. Let q(t) be the second derivative of -7*t**5/20 - t**3/6 - t**2/2 + 5*t. What is q(g)?
7
Let m(p) = 2*p**2 + 9*p - 3. Let f be m(-5). Let a(r) = 2*r**2 - 2*r + 1. Determine a(f).
5
Let d(l) = -3 + 0*l**3 - l**3 + 6 + l - 6*l**2. Determine d(-6).
-3
Let x be -3 + 2 - 6/2. Let m(n) be the third derivative of 1/12*n**4 - 1/15*n**5 + 2*n**2 + 0 + 0*n**3 - 1/120*n**6 + 0*n. Give m(x).
-8
Let t(j) = -j**2 + j - 1. Let f(b) = b**3 - 2*b**2 + 3*b - 3. Let q(x) = f(x) - 2*t(x). Give q(1).
1
Let l(c) be the first derivative of -c**3/3 + 3*c**2 - 2*c - 1. Let h(b) = b**2 - 11*b + 6. Let i be h(11). Let y be -1 + 8 - (i - 3). Give l(y).
6
Let f = 3 - 8. Let c = 2 + f. Let i(h) = 45*h - 102*h + 56*h - 4. Determine i(c).
-1
Let w(h) be the third derivative of -h**7/5040 + h**6/180 - h**5/12 + 5*h**2. Let a(p) be the third derivative of w(p). Determine a(4).
0
Let r(c) be the first derivative of -c**3/3 + 2*c**2 + 6*c - 29. Let w = -7 - -13. Determine r(w).
-6
Let m(y) = 9 + y**2 - 9*y + 1 + 3*y - 4. Suppose -h + 3*j = 4 - 6, j = h - 4. Determine m(h).
1
Let n(g) be the second derivative of -g**4/12 - 2*g**3/3 - g**2 - 27*g. Suppose 2 = -2*c + 5*y, 31 = -3*c - 3*y + 7. What is n(c)?
-14
Let d(r) = 13*r**3 + 17*r**2 + r - 9. Let b(l) = 3*l**3 + 4*l**2 - 2. Let c(q) = -9*b(q) + 2*d(q). What is c(2)?
-12
Let i(b) = -2*b**2 - 2*b - 6. Let w(t) = -t**2 - 2*t - 3. Let y(m) = -3*i(m) + 5*w(m). What is y(4)?
3
Let h be 24/(-10) - 2/(-5). Let q be (-42)/(-8) + h/8. Let g(k) = k**2 - k + 8. Let s(m) = -m - 1. Let i(d) = -g(d) - 6*s(d). What is i(q)?
8
Let h(c) = -6*c**2 - 2*c + 4. Let t(j) = -j**2 + 2*j. Let d(a) = -h(a) + 5*t(a). Calculate d(-12).
-4
Let j(g) = -g**3 - 5*g**2 - 4*g - 2. Let r = 27 - 29. Calculate j(r).
-6
Let c = -35 + 30. Let h(j) be the third derivative of -j**5/60 - 5*j**4/24 + j**3 + j**2. Calculate h(c).
6
Let t(f) = -3*f + 2. Let v be t(2). Let o(u) = -u + 0*u**3 + 1 + 5*u**2 + 0*u + u**3 + 5*u. Give o(v).
1
Suppose 7 = -11*q + 4*q. Let u(k) = -9*k**2 - 2*k - 1. Give u(q).
-8
Let u(k) be the second derivative of k**4/12 - 2*k**3/3 + 5*k**2/2 - 2*k. Suppose f = 38 - 3. Suppose f = 5*v - 3*i, 3*i = -6 - 9. What is u(v)?
5
Let i(p) = -3*p**3 + 9*p**2 + 11*p - 13. Let t(o) = 8*o**3 - 27*o**2 - 32*o + 38. Let f(v) = 11*i(v) + 4*t(v). Determine f(-8).
1
Let t(m) = -2*m + 5. Let f(g) = g**3 - 11*g**2 - 13*g + 18. Suppose 2*s = -2*h + 16, 3*s - 9 = -4*h + 11. Let r be f(s). Calculate t(r).
-7
Let y(p) = 4*p**2 - p - 1. Suppose -2*r + 3*u = 26, 0 = 3*r - 2*u + 7 + 22. Let v = r - -9. Give y(v).
13
Suppose 10 = u + 3*x, -4*u = 3*x + x - 8. Let c be (1 + u)/(11/11). Let k(v) = 4*v**3 - v**2. Determine k(c).
-5
Let c(v) = -v**3 + 7*v**2 + 3*v + 8. Suppose -4*o = -2*o - 10. Let b(z) = -z**3 + 6*z**2 + 3*z + 7. Let u(p) = o*c(p) - 6*b(p). Calculate u(3).
7
Let v(j) = 2*j**3 - 6*j**2 - 2. Let t(u) be the first derivative of u**4/4 + u**2/2 - u + 1. Let r(h) = 3*t(h) - v(h). Give r(-5).
9
Let c be 51/15 + (-4)/(-40)*-4. Let k(s) = s**3 - 2*s**2 - s - 3. Determine k(c).
3
Suppose 0 = -2*r + 3*a - 1, a + 4 = r + 3. Suppose -3*q = -2*q + r. Let i(k) = k**2 + 4*k + 1. What is i(q)?
1
Let g(z) be the first derivative of 4 + 1/4*z**4 + 5*z + 1/2*z**2 + 4/3*z**3. Calculate g(-4).
1
Let l(i) = -3*i - 4. Let z(d) = 13*d + 16. Let a(q) = -9*l(q) - 2*z(q). Determine a(3).
7
Let r(l) = -4 + 3 + l + 3. Suppose 5*n - 7 = 3*b, 3 = 4*n - b - 4*b. Suppose -n*m - 9 + 1 = 0. Calculate r(m).
-2
Let t(n) =